{"id":139,"date":"2025-03-11T17:20:04","date_gmt":"2025-03-11T17:20:04","guid":{"rendered":"https:\/\/www.luxkit.es\/?page_id=139"},"modified":"2025-03-12T10:25:22","modified_gmt":"2025-03-12T10:25:22","slug":"modulo-led","status":"publish","type":"page","link":"https:\/\/www.luxkit.es\/index.php\/modulo-led\/","title":{"rendered":"Modulo LED"},"content":{"rendered":"<div  data-label=\"Content\" data-id=\"content--1\" data-export-id=\"content-8-mc\" data-category=\"content\" class=\"content-8-mc content-section content-section-spacing content-relative dark-text\" id=\"content-1\" style=\"background-color: rgba(255, 255, 255, 0.9); background-image: none; background-size: cover; background-position: center top;\"><div class=\"section-separator-top\" >\n    <svg xmlns=\"http:\/\/www.w3.org\/2000\/svg\" viewBox=\"0 0 283.5 19.6\" preserveAspectRatio=\"none\" data-separator-name=\"opacity-fan\" class=\"section-separator-top\" >\n\t<path class=\"svg-white-bg\" style=\"opacity: 0.33;\" d=\"M0 0L0 18.8 141.8 4.1 283.5 18.8 283.5 0z\" ><\/path>\n\t<path class=\"svg-white-bg\" style=\"opacity: 0.33;\" d=\"M0 0L0 12.6 141.8 4 283.5 12.6 283.5 0z\" ><\/path>\n\t<path class=\"svg-white-bg\" style=\"opacity: 0.33;\" d=\"M0 0L0 6.4 141.8 4 283.5 6.4 283.5 0z\" ><\/path>\n\t<path class=\"svg-white-bg\" d=\"M0 0L0 1.2 141.8 4 283.5 1.2 283.5 0z\" ><\/path>\n<\/svg>\n<\/div><div  class=\"gridContainer\"> <div  class=\"row middle-sm\"><div  class=\"col-sm-6 space-bottom-xs space-top-xs\" data-type=\"column\"> <img  decoding=\"async\" class=\"shadow-large\" src=\"https:\/\/www.luxkit.es\/wp-content\/uploads\/2025\/03\/LED_Modul_Single_WhiteTW.png\" title=\"LED_Modul_Single_WhiteTW\" alt=\"\"><\/div> <div  class=\"col-sm-6\" data-type=\"column\"><h2  class=\"\"><span  style=\"color: rgb(1, 1, 1);\">Blanco Est\u00e1tico.<\/span><\/h2> <p  class=\"\" style=\"text-align: justify;\"><span  style=\"color: rgb(1, 1, 1);\">M\u00f3dulo LED blanco est\u00e1tico en cuatro temperaturas de color diferentes (827, 830, 835 y 840). Personalizable con puntos de precorte y puente electrico integrado para garantizar lineas continuas con un solo alimentador y sin puntos negros.\n<\/span><br ><span  style=\"color: rgb(1, 1, 1);\">Alim\u00e9ntalo desde cualquier punto de la l\u00ednea y mu\u00e9velo libremente.&nbsp;Flexibilidad total.<\/span><br ><span  style=\"color: rgb(1, 1, 1);\">Una sola referencia con tres potencias seleccionables con micro interruptores (7W\/m, 15W\/m y 23W\/m) para cubrir todas las necesidades de la forma mas simple y mas inteligente.&nbsp;\n<\/span><br ><span  style=\"color: rgb(1, 1, 1);\">Pr\u00f3ximamente en versiones TW y RGB.<\/span><\/p> <\/div> <\/div><\/div> <\/div><div  data-label=\"Portfolio\" data-id=\"portfolio--1\" data-export-id=\"portfolio-5-mc\" data-category=\"portfolio\" class=\"portfolio-5-mc content-section content-section-spacing section-title-col-white-text bg-color1\" id=\"portfolio-1\" style=\"background-image: none; background-color: rgba(255, 255, 255, 0.9);\"><div  class=\"gridContainer\"> <div  class=\"row text-center\"><div  class=\"section-title-col\" data-type=\"column\">  <h2  class=\"\"><span  style=\"color: rgb(1, 1, 1);\">Temperaturas de color<\/span><\/h2> <\/div> <\/div> <div  class=\"row space-bottom spaced-cols\" data-type=\"row\"> <div  class=\"col-xs-12 col-sm-4 text-center col-md-3 \"> <div  class=\"card no-padding bordered\"> <div  data-hover-fx=\"portfolio-6\" class=\"contentswap-effect contentswap-overlay\" style=\"float: none; margin: 0; width: 100%;\"> <div  class=\"initial-image\" style=\"float: none; margin: 0;\"> <img  decoding=\"async\" data-size=\"500x333\" src=\"https:\/\/www.luxkit.es\/wp-content\/uploads\/2025\/03\/Icons_50x50_Lichtfarben_827-1.png\"><\/div> <div  class=\"overlay bg-color6\" style=\"display: block; transition: opacity 800ms ease 0s; -webkit-transition-timing-function: ease; -moz-transition-timing-function: ease; -o-transition-timing-function: ease; transition-timing-function: ease;\"><\/div> <div  class=\"swap-inner col-xs-12\" style=\"display: block; transition: all 800ms ease 0s; background-color: rgba(0,0,0,0); margin-top: 0;\"> <div  class=\"row full-height-row middle-xs middle-sm\"> <div  class=\"col-xs-12 text-center content-holder\"> <a  class=\"button small color2\" href=\"#\" target=\"_self\" data-cp-link=\"1\" data-icon=\"\">827<\/a><\/div> <\/div><\/div> <\/div> <div  class=\"col-xs-12\"> <div  class=\"space-bottom space-top\" data-type=\"column\"> <h5  class=\"\">827<\/h5> <\/div> <\/div><\/div> <\/div> <div  class=\"col-xs-12 col-sm-4 text-center col-md-3 \"> <div  class=\"card no-padding bordered\"> <div  data-hover-fx=\"portfolio-6\" class=\"contentswap-effect contentswap-overlay\" style=\"float: none; margin: 0; width: 100%;\"> <div  class=\"initial-image\" style=\"float: none; margin: 0;\"> <img  decoding=\"async\" data-size=\"500x333\" src=\"https:\/\/www.luxkit.es\/wp-content\/uploads\/2025\/03\/Icons_50x50_Lichtfarben_830-1.png\"><\/div> <div  class=\"overlay bg-color6\" style=\"display: block; transition: opacity 800ms ease 0s; -webkit-transition-timing-function: ease; -moz-transition-timing-function: ease; -o-transition-timing-function: ease; transition-timing-function: ease;\"><\/div> <div  class=\"swap-inner col-xs-12\" style=\"display: block; transition: all 800ms ease 0s; background-color: rgba(0,0,0,0); margin-top: 0;\"> <div  class=\"row full-height-row middle-xs middle-sm\"> <div  class=\"col-xs-12 text-center content-holder\"> <a  class=\"button small color2\" href=\"#\" target=\"_self\" data-cp-link=\"1\" data-icon=\"\">830<\/a><\/div> <\/div><\/div> <\/div> <div  class=\"col-xs-12\"> <div  class=\"space-bottom space-top\" data-type=\"column\"> <h5  class=\"\">830<\/h5> <\/div> <\/div><\/div> <\/div> <div  class=\"col-xs-12 col-sm-4 text-center col-md-3 \"> <div  class=\"card no-padding bordered\"> <div  data-hover-fx=\"portfolio-6\" class=\"contentswap-effect contentswap-overlay\" style=\"float: none; margin: 0; width: 100%;\"> <div  class=\"initial-image\" style=\"float: none; margin: 0;\"> <img  decoding=\"async\" data-size=\"500x333\" src=\"https:\/\/www.luxkit.es\/wp-content\/uploads\/2025\/03\/Icons_50x50_Lichtfarben_835-1.png\"><\/div> <div  class=\"overlay bg-color6\" style=\"display: block; transition: opacity 800ms ease 0s; -webkit-transition-timing-function: ease; -moz-transition-timing-function: ease; -o-transition-timing-function: ease; transition-timing-function: ease;\"><\/div> <div  class=\"swap-inner col-xs-12\" style=\"display: block; transition: all 800ms ease 0s; background-color: rgba(0,0,0,0); margin-top: 0;\"> <div  class=\"row full-height-row middle-xs middle-sm\"> <div  class=\"col-xs-12 text-center content-holder\"> <a  class=\"button small color2\" href=\"#\" target=\"_self\" data-cp-link=\"1\" data-icon=\"\">835<\/a><\/div> <\/div><\/div> <\/div> <div  class=\"col-xs-12\"> <div  class=\"space-bottom space-top\" data-type=\"column\"> <h5  class=\"\">835<\/h5> <\/div> <\/div><\/div> <\/div><div  class=\"col-xs-12 col-sm-4 text-center col-md-3\"> <div  class=\"card no-padding bordered\"> <div  data-hover-fx=\"portfolio-6\" class=\"contentswap-effect contentswap-overlay\" style=\"float: none; margin: 0; width: 100%;\"> <div  class=\"initial-image\" style=\"float: none; margin: 0;\"> <img  decoding=\"async\" data-size=\"500x333\" src=\"https:\/\/www.luxkit.es\/wp-content\/uploads\/2025\/03\/Icons_50x50_Lichtfarben_840-1.png\"><\/div> <div  class=\"overlay bg-color6\" style=\"display: block; transition: opacity 800ms ease 0s; -webkit-transition-timing-function: ease; -moz-transition-timing-function: ease; -o-transition-timing-function: ease; transition-timing-function: ease;\"><\/div> <div  class=\"swap-inner col-xs-12\" style=\"display: block; transition: all 800ms ease 0s; background-color: rgba(0,0,0,0); margin-top: 0;\"> <div  class=\"row full-height-row middle-xs middle-sm\"> <div  class=\"col-xs-12 text-center content-holder\"> <a  class=\"button small color2\" href=\"#\" target=\"_self\" data-cp-link=\"1\" data-icon=\"\">840<\/a><\/div> <\/div><\/div> <\/div> <div  class=\"col-xs-12\"> <div  class=\"space-bottom space-top\" data-type=\"column\"> <h5  class=\"\">840<\/h5> <\/div> <\/div><\/div> <\/div><\/div> <div  class=\"row\"><div  data-type=\"column\" class=\"col-xs-12 text-center\"><p  class=\"lead\"><span  id=\"_mce_caret\" data-mce-bogus=\"1\" data-mce-type=\"format-caret\"><span  style=\"color: rgb(255, 255, 255);\">\ufeff<span  style=\"color: rgb(1, 1, 1);\">Pr\u00f3ximamente versiones RGB, TW y CRI90.<\/span><\/span><\/span><\/p> <\/div> <\/div><\/div> <\/div><div  data-label=\"Features\" data-id=\"features--2\" data-export-id=\"features-12\" data-category=\"features\" class=\"features-12 content-section content-section-spacing white-text content-relative\" id=\"features-2\" style=\"background-color: rgba(255, 255, 255, 0.9); background-image: none;\"><div  class=\"gridContainer\"> <div  class=\"row text-center\"><div  class=\"section-title-col\" data-type=\"column\"> <h2  class=\"\"><span  style=\"color: rgb(1, 1, 1);\">Caracter\u00edsticas T\u00e9cnicas<\/span><\/h2> <\/div> <\/div> <div  class=\"row spaced-cols\" data-type=\"row\"> <div  class=\"col-sm-6\"> <div  class=\"row space-bottom\"> <div  class=\"col-sm-fit icon-column\"> <i  class=\"fa icon fa-lightbulb-o bordered round color-black\"><\/i> <\/div> <div  class=\"col-sm\" data-type=\"column\"> <h5  class=\"color2\"><span  style=\"color: rgb(1, 1, 1);\">100% luz continua.<\/span><\/h5> <p  class=\"\"><span  style=\"color: rgb(1, 1, 1);\">Emisi\u00f3n de luz 100% uniforme y libre de puntos negros. Consigue una linea de luz ininterrumpida.<\/span><\/p><\/div> <\/div><\/div> <div  class=\"col-sm-6\"><div  class=\"row space-bottom\"> <div  class=\"col-sm-fit icon-column\"><i  class=\"fa icon fa-battery-4 bordered round color-black\"><\/i><\/div> <div  class=\"col-sm\" data-type=\"column\"><h5  class=\"color2\"><span  style=\"color: rgb(1, 1, 1);\">Alimentaci\u00f3n a 48Vdc.<\/span><\/h5> <p  class=\"\"><span  id=\"_mce_caret\" data-mce-bogus=\"1\" data-mce-type=\"format-caret\"><span  style=\"color: rgb(0, 0, 0);\">La\ufeff elecci\u00f3n de la fuente a 48Vdc permite mayores longitudes con una \u00fanica alimentaci\u00f3n.<\/span><\/span><\/p><\/div> <\/div><\/div> <div  class=\"col-sm-6\"><div  class=\"row space-bottom\"> <div  class=\"col-sm-fit icon-column\"><i  class=\"fa icon fa-tachometer bordered round color-black\"><\/i><\/div> <div  class=\"col-sm\" data-type=\"column\"><h5  class=\"color2\"><span  id=\"_mce_caret\" data-mce-bogus=\"1\" data-mce-type=\"format-caret\"><span  style=\"color: rgb(0, 0, 0);\">\ufeff1.140-1.199 mm.<\/span><\/span><\/h5> <p  class=\"\"><span  id=\"_mce_caret\" data-mce-bogus=\"1\" data-mce-type=\"format-caret\"><span  style=\"color: rgb(0, 0, 0);\">\ufeffLos m\u00f3dulos pueden cortarse cada 60mm pero el puente permite ajustar libremente la longitud.<\/span><\/span><\/p><\/div> <\/div><\/div> <div  class=\"col-sm-6\"><div  class=\"row space-bottom\"> <div  class=\"col-sm-fit icon-column\"><i  class=\"fa icon fa-paperclip bordered round color-black\"><\/i><\/div> <div  class=\"col-sm\" data-type=\"column\"><h5  class=\"color2\"><span  style=\"color: rgb(1, 1, 1);\">CLICK.<\/span><\/h5> <p  class=\"\"><span  style=\"color: rgb(1, 1, 1);\">Tan sencillo de instalar que solo requiere un gesto tan simple como un click.<\/span><\/p><\/div> <\/div><\/div> <div  class=\"col-sm-6\"> <div  class=\"row space-bottom\"> <div  class=\"col-sm-fit icon-column\"> <i  class=\"fa icon fa-check bordered round color-black\"><\/i> <\/div> <div  class=\"col-sm\" data-type=\"column\"> <h5  class=\"color2\"><span  style=\"color: rgb(1, 1, 1);\">Alta eficiencia.<\/span><\/h5> <p  class=\"\"><span  style=\"color: rgb(1, 1, 1);\">Conseguimos un flujo de 160lm\/W para una temperatura de color de 840K.<\/span><\/p><\/div> <\/div><\/div><div  class=\"col-sm-6\"> <div  class=\"row space-bottom\"> <div  class=\"col-sm-fit icon-column\"> <i  class=\"fa icon fa-building-o bordered round color-black\"><\/i> <\/div> <div  class=\"col-sm\" data-type=\"column\"> <h5  class=\"color2\"><\/h5> <p  class=\"\"><span  style=\"color: rgb(1, 1, 1);\">Consigue hasta 21 metros de tira continua con una sola al\u00f3nimentaci \u00f3n (configurado a 7W\/m).<\/span><\/p><\/div> <\/div><\/div><div  class=\"col-sm-6\"> <div  class=\"row space-bottom\"> <div  class=\"col-sm-fit icon-column\"> <i  class=\"fa icon fa-power-off bordered round color-black\"><\/i> <\/div> <div  class=\"col-sm\" data-type=\"column\"> <h5  class=\"color2\"><span  style=\"color: rgb(1, 1, 1);\">3 potencias de salida seleccionables.<\/span><\/h5> <p  class=\"\"><span  style=\"color: rgb(1, 1, 1);\">7W\/m (1.085lm\/m), 15W\/m (2.325lm\/m) y 23W\/m(3.565lm\/m) en una sola referencia.&nbsp;<\/span><\/p><\/div> <\/div><\/div><div  class=\"col-sm-6\"> <div  class=\"row space-bottom\"> <div  class=\"col-sm-fit icon-column\"> <i  class=\"fa icon fa-code-fork bordered round color-black\"><\/i> <\/div> <div  class=\"col-sm\" data-type=\"column\"> <h5  class=\"color2\"><span  style=\"color: rgb(1, 1, 1);\">100% luz continua.<\/span><\/h5> <p  class=\"\"><span  style=\"color: rgb(1, 1, 1);\">Emisi\u00f3n de luz 100% uniforme y libre de puntos negros. Consigue una linea de luz ininterrumpida.<\/span><\/p><\/div> <\/div><\/div><\/div><\/div> <div class=\"section-separator-bottom\" >\n    <svg xmlns=\"http:\/\/www.w3.org\/2000\/svg\" viewBox=\"0 0 283.5 19.6\" preserveAspectRatio=\"none\" data-separator-name=\"opacity-fan\" class=\"section-separator-top section-separator-bottom\" >\n\t<path class=\"svg-white-bg\" style=\"opacity: 0.33;\" d=\"M0 0L0 18.8 141.8 4.1 283.5 18.8 283.5 0z\" ><\/path>\n\t<path class=\"svg-white-bg\" style=\"opacity: 0.33;\" d=\"M0 0L0 12.6 141.8 4 283.5 12.6 283.5 0z\" ><\/path>\n\t<path class=\"svg-white-bg\" style=\"opacity: 0.33;\" d=\"M0 0L0 6.4 141.8 4 283.5 6.4 283.5 0z\" ><\/path>\n\t<path class=\"svg-white-bg\" d=\"M0 0L0 1.2 141.8 4 283.5 1.2 283.5 0z\" ><\/path>\n<\/svg>\n<\/div><\/div>","protected":false},"excerpt":{"rendered":"<p>Blanco Est\u00e1tico. M\u00f3dulo LED blanco est\u00e1tico en cuatro temperaturas de color diferentes (827, 830, 835 y 840). Personalizable con puntos de precorte y puente electrico integrado para garantizar lineas continuas con un solo alimentador y sin puntos negros. Alim\u00e9ntalo desde cualquier punto de la l\u00ednea y mu\u00e9velo libremente.&nbsp;Flexibilidad total.Una sola referencia con tres potencias seleccionables&hellip; <br \/> <a class=\"read-more\" href=\"https:\/\/www.luxkit.es\/index.php\/modulo-led\/\">Read more<\/a><\/p>\n","protected":false},"author":1,"featured_media":0,"parent":0,"menu_order":0,"comment_status":"closed","ping_status":"closed","template":"pro\/page-templates\/full-width-page.php","meta":{"footnotes":""},"class_list":["post-139","page","type-page","status-publish","hentry"],"yoast_head":"<!-- This site is optimized with the Yoast SEO plugin v27.3 - https:\/\/yoast.com\/product\/yoast-seo-wordpress\/ -->\n<title>Modulo LED - Luxkit<\/title>\n<meta name=\"robots\" content=\"index, follow, max-snippet:-1, max-image-preview:large, max-video-preview:-1\" \/>\n<link rel=\"canonical\" href=\"https:\/\/www.luxkit.es\/index.php\/modulo-led\/\" \/>\n<meta property=\"og:locale\" content=\"es_ES\" \/>\n<meta property=\"og:type\" content=\"article\" \/>\n<meta property=\"og:title\" content=\"Modulo LED - Luxkit\" \/>\n<meta property=\"og:description\" content=\"Blanco Est\u00e1tico. M\u00f3dulo LED blanco est\u00e1tico en cuatro temperaturas de color diferentes (827, 830, 835 y 840). Personalizable con puntos de precorte y puente electrico integrado para garantizar lineas continuas con un solo alimentador y sin puntos negros. Alim\u00e9ntalo desde cualquier punto de la l\u00ednea y mu\u00e9velo libremente.&nbsp;Flexibilidad total.Una sola referencia con tres potencias seleccionables&hellip; Read more\" \/>\n<meta property=\"og:url\" content=\"https:\/\/www.luxkit.es\/index.php\/modulo-led\/\" \/>\n<meta property=\"og:site_name\" content=\"Luxkit\" \/>\n<meta property=\"article:publisher\" content=\"https:\/\/www.instagram.com\/cogaprel_sl\/\" \/>\n<meta property=\"article:modified_time\" content=\"2025-03-12T10:25:22+00:00\" \/>\n<meta property=\"og:image\" content=\"https:\/\/www.luxkit.es\/wp-content\/uploads\/2025\/03\/LED_Modul_Single_WhiteTW.png\" \/>\n<meta name=\"twitter:card\" content=\"summary_large_image\" \/>\n<meta name=\"twitter:label1\" content=\"Tiempo de lectura\" \/>\n\t<meta name=\"twitter:data1\" content=\"1 minuto\" \/>\n<script type=\"application\/ld+json\" class=\"yoast-schema-graph\">{\"@context\":\"https:\\\/\\\/schema.org\",\"@graph\":[{\"@type\":\"WebPage\",\"@id\":\"https:\\\/\\\/www.luxkit.es\\\/index.php\\\/modulo-led\\\/\",\"url\":\"https:\\\/\\\/www.luxkit.es\\\/index.php\\\/modulo-led\\\/\",\"name\":\"Modulo LED - Luxkit\",\"isPartOf\":{\"@id\":\"https:\\\/\\\/www.luxkit.es\\\/#website\"},\"primaryImageOfPage\":{\"@id\":\"https:\\\/\\\/www.luxkit.es\\\/index.php\\\/modulo-led\\\/#primaryimage\"},\"image\":{\"@id\":\"https:\\\/\\\/www.luxkit.es\\\/index.php\\\/modulo-led\\\/#primaryimage\"},\"thumbnailUrl\":\"https:\\\/\\\/www.luxkit.es\\\/wp-content\\\/uploads\\\/2025\\\/03\\\/LED_Modul_Single_WhiteTW.png\",\"datePublished\":\"2025-03-11T17:20:04+00:00\",\"dateModified\":\"2025-03-12T10:25:22+00:00\",\"breadcrumb\":{\"@id\":\"https:\\\/\\\/www.luxkit.es\\\/index.php\\\/modulo-led\\\/#breadcrumb\"},\"inLanguage\":\"es\",\"potentialAction\":[{\"@type\":\"ReadAction\",\"target\":[\"https:\\\/\\\/www.luxkit.es\\\/index.php\\\/modulo-led\\\/\"]}]},{\"@type\":\"ImageObject\",\"inLanguage\":\"es\",\"@id\":\"https:\\\/\\\/www.luxkit.es\\\/index.php\\\/modulo-led\\\/#primaryimage\",\"url\":\"https:\\\/\\\/www.luxkit.es\\\/wp-content\\\/uploads\\\/2025\\\/03\\\/LED_Modul_Single_WhiteTW.png\",\"contentUrl\":\"https:\\\/\\\/www.luxkit.es\\\/wp-content\\\/uploads\\\/2025\\\/03\\\/LED_Modul_Single_WhiteTW.png\",\"width\":652,\"height\":599},{\"@type\":\"BreadcrumbList\",\"@id\":\"https:\\\/\\\/www.luxkit.es\\\/index.php\\\/modulo-led\\\/#breadcrumb\",\"itemListElement\":[{\"@type\":\"ListItem\",\"position\":1,\"name\":\"Portada\",\"item\":\"https:\\\/\\\/www.luxkit.es\\\/\"},{\"@type\":\"ListItem\",\"position\":2,\"name\":\"Modulo LED\"}]},{\"@type\":\"WebSite\",\"@id\":\"https:\\\/\\\/www.luxkit.es\\\/#website\",\"url\":\"https:\\\/\\\/www.luxkit.es\\\/\",\"name\":\"Luxkit\",\"description\":\"El nuevo sistema lineal modular LED\",\"publisher\":{\"@id\":\"https:\\\/\\\/www.luxkit.es\\\/#organization\"},\"potentialAction\":[{\"@type\":\"SearchAction\",\"target\":{\"@type\":\"EntryPoint\",\"urlTemplate\":\"https:\\\/\\\/www.luxkit.es\\\/?s={search_term_string}\"},\"query-input\":{\"@type\":\"PropertyValueSpecification\",\"valueRequired\":true,\"valueName\":\"search_term_string\"}}],\"inLanguage\":\"es\"},{\"@type\":\"Organization\",\"@id\":\"https:\\\/\\\/www.luxkit.es\\\/#organization\",\"name\":\"Luxkit Espa\u00f1a\",\"url\":\"https:\\\/\\\/www.luxkit.es\\\/\",\"logo\":{\"@type\":\"ImageObject\",\"inLanguage\":\"es\",\"@id\":\"https:\\\/\\\/www.luxkit.es\\\/#\\\/schema\\\/logo\\\/image\\\/\",\"url\":\"https:\\\/\\\/www.luxkit.es\\\/wp-content\\\/uploads\\\/2025\\\/03\\\/luxkit_claro-1.png\",\"contentUrl\":\"https:\\\/\\\/www.luxkit.es\\\/wp-content\\\/uploads\\\/2025\\\/03\\\/luxkit_claro-1.png\",\"width\":140,\"height\":70,\"caption\":\"Luxkit Espa\u00f1a\"},\"image\":{\"@id\":\"https:\\\/\\\/www.luxkit.es\\\/#\\\/schema\\\/logo\\\/image\\\/\"},\"sameAs\":[\"https:\\\/\\\/www.instagram.com\\\/cogaprel_sl\\\/\"]}]}<\/script>\n<!-- \/ Yoast SEO plugin. -->","yoast_head_json":{"title":"Modulo LED - Luxkit","robots":{"index":"index","follow":"follow","max-snippet":"max-snippet:-1","max-image-preview":"max-image-preview:large","max-video-preview":"max-video-preview:-1"},"canonical":"https:\/\/www.luxkit.es\/index.php\/modulo-led\/","og_locale":"es_ES","og_type":"article","og_title":"Modulo LED - Luxkit","og_description":"Blanco Est\u00e1tico. M\u00f3dulo LED blanco est\u00e1tico en cuatro temperaturas de color diferentes (827, 830, 835 y 840). Personalizable con puntos de precorte y puente electrico integrado para garantizar lineas continuas con un solo alimentador y sin puntos negros. Alim\u00e9ntalo desde cualquier punto de la l\u00ednea y mu\u00e9velo libremente.&nbsp;Flexibilidad total.Una sola referencia con tres potencias seleccionables&hellip; Read more","og_url":"https:\/\/www.luxkit.es\/index.php\/modulo-led\/","og_site_name":"Luxkit","article_publisher":"https:\/\/www.instagram.com\/cogaprel_sl\/","article_modified_time":"2025-03-12T10:25:22+00:00","og_image":[{"url":"https:\/\/www.luxkit.es\/wp-content\/uploads\/2025\/03\/LED_Modul_Single_WhiteTW.png","type":"","width":"","height":""}],"twitter_card":"summary_large_image","twitter_misc":{"Tiempo de lectura":"1 minuto"},"schema":{"@context":"https:\/\/schema.org","@graph":[{"@type":"WebPage","@id":"https:\/\/www.luxkit.es\/index.php\/modulo-led\/","url":"https:\/\/www.luxkit.es\/index.php\/modulo-led\/","name":"Modulo LED - Luxkit","isPartOf":{"@id":"https:\/\/www.luxkit.es\/#website"},"primaryImageOfPage":{"@id":"https:\/\/www.luxkit.es\/index.php\/modulo-led\/#primaryimage"},"image":{"@id":"https:\/\/www.luxkit.es\/index.php\/modulo-led\/#primaryimage"},"thumbnailUrl":"https:\/\/www.luxkit.es\/wp-content\/uploads\/2025\/03\/LED_Modul_Single_WhiteTW.png","datePublished":"2025-03-11T17:20:04+00:00","dateModified":"2025-03-12T10:25:22+00:00","breadcrumb":{"@id":"https:\/\/www.luxkit.es\/index.php\/modulo-led\/#breadcrumb"},"inLanguage":"es","potentialAction":[{"@type":"ReadAction","target":["https:\/\/www.luxkit.es\/index.php\/modulo-led\/"]}]},{"@type":"ImageObject","inLanguage":"es","@id":"https:\/\/www.luxkit.es\/index.php\/modulo-led\/#primaryimage","url":"https:\/\/www.luxkit.es\/wp-content\/uploads\/2025\/03\/LED_Modul_Single_WhiteTW.png","contentUrl":"https:\/\/www.luxkit.es\/wp-content\/uploads\/2025\/03\/LED_Modul_Single_WhiteTW.png","width":652,"height":599},{"@type":"BreadcrumbList","@id":"https:\/\/www.luxkit.es\/index.php\/modulo-led\/#breadcrumb","itemListElement":[{"@type":"ListItem","position":1,"name":"Portada","item":"https:\/\/www.luxkit.es\/"},{"@type":"ListItem","position":2,"name":"Modulo LED"}]},{"@type":"WebSite","@id":"https:\/\/www.luxkit.es\/#website","url":"https:\/\/www.luxkit.es\/","name":"Luxkit","description":"El nuevo sistema lineal modular LED","publisher":{"@id":"https:\/\/www.luxkit.es\/#organization"},"potentialAction":[{"@type":"SearchAction","target":{"@type":"EntryPoint","urlTemplate":"https:\/\/www.luxkit.es\/?s={search_term_string}"},"query-input":{"@type":"PropertyValueSpecification","valueRequired":true,"valueName":"search_term_string"}}],"inLanguage":"es"},{"@type":"Organization","@id":"https:\/\/www.luxkit.es\/#organization","name":"Luxkit Espa\u00f1a","url":"https:\/\/www.luxkit.es\/","logo":{"@type":"ImageObject","inLanguage":"es","@id":"https:\/\/www.luxkit.es\/#\/schema\/logo\/image\/","url":"https:\/\/www.luxkit.es\/wp-content\/uploads\/2025\/03\/luxkit_claro-1.png","contentUrl":"https:\/\/www.luxkit.es\/wp-content\/uploads\/2025\/03\/luxkit_claro-1.png","width":140,"height":70,"caption":"Luxkit Espa\u00f1a"},"image":{"@id":"https:\/\/www.luxkit.es\/#\/schema\/logo\/image\/"},"sameAs":["https:\/\/www.instagram.com\/cogaprel_sl\/"]}]}},"_links":{"self":[{"href":"https:\/\/www.luxkit.es\/index.php\/wp-json\/wp\/v2\/pages\/139","targetHints":{"allow":["GET"]}}],"collection":[{"href":"https:\/\/www.luxkit.es\/index.php\/wp-json\/wp\/v2\/pages"}],"about":[{"href":"https:\/\/www.luxkit.es\/index.php\/wp-json\/wp\/v2\/types\/page"}],"author":[{"embeddable":true,"href":"https:\/\/www.luxkit.es\/index.php\/wp-json\/wp\/v2\/users\/1"}],"replies":[{"embeddable":true,"href":"https:\/\/www.luxkit.es\/index.php\/wp-json\/wp\/v2\/comments?post=139"}],"version-history":[{"count":5,"href":"https:\/\/www.luxkit.es\/index.php\/wp-json\/wp\/v2\/pages\/139\/revisions"}],"predecessor-version":[{"id":204,"href":"https:\/\/www.luxkit.es\/index.php\/wp-json\/wp\/v2\/pages\/139\/revisions\/204"}],"wp:attachment":[{"href":"https:\/\/www.luxkit.es\/index.php\/wp-json\/wp\/v2\/media?parent=139"}],"curies":[{"name":"wp","href":"https:\/\/api.w.org\/{rel}","templated":true}]}}